 prime factors of b.
13
Let j be 8 + (-20)/(-4) + -3. Suppose -5*g = -5 - j. List the prime factors of g.
3
Suppose 0 = -r + 4 - 5. Let w = r - -18. List the prime factors of w.
17
Let y = -1 - 1. Let t(d) = -5*d + 1. List the prime factors of t(y).
11
What are the prime factors of 20*(-12)/(-32)*2?
3, 5
Suppose 12 = -4*h + 2*h. Let z(w) = 3*w + 1. Let n be z(5). Let s = n + h. What are the prime factors of s?
2, 5
Suppose -4*f - 5 = -1. Let u(z) = 9*z**2 - z - 1. What are the prime factors of u(f)?
3
Let k(q) = -q**2 + 4*q + 1. Let p be k(3). List the prime factors of -5 + p - (-32 - 1).
2
Let j = -13 + 18. Let l(q) = -q**3 + 4*q**2 + q. Let f be l(4). Suppose -57 = -j*i - f*g + g, g + 5 = i. What are the prime factors of i?
3
Let q(w) = 38*w**2 + 3*w + 4. List the prime factors of q(-1).
3, 13
Let j(z) = z**3 - 10*z**2 - 11*z + 5. Suppose -5*k + 2*y = -10*k + 65, 3*k - 38 = -y. What are the prime factors of j(k)?
5
Suppose 0 = -4*d - 12, -3*q + 119 = -2*d - 79. What are the prime factors of q?
2
Let m(p) = -p - 3. Let q be m(-5). What are the prime factors of (-12)/q*(-4 + 3)?
2, 3
Let v(z) = 2 + z - 1 - 6*z. Suppose -q = -4*s - 5, 2*s + 2*q = -0*q. What are the prime factors of v(s)?
2, 3
Let t(j) = -j - 7*j + j**2 + 3*j**2 - 5*j**2 + 3. Let b be t(-8). What are the prime factors of 5/(b/1 - 2)?
5
Let c(q) = q. Let b be c(9). List the prime factors of (-4)/(-18) + 124/b.
2, 7
Suppose 5*l = -m + 95, 0*m + 2*m = 4*l - 62. List the prime factors of l.
2, 3
Suppose o - 3*d = 2*o - 271, 5*o - 1355 = 2*d. List the prime factors of o.
271
Let v be 1/(3*3/18). Let k(i) = 2*i**2 + 4*i - 3. List the prime factors of k(v).
13
Suppose -6*r + 8 = -2*r. Let l(c) = 4*c**2. Let o be l(-1). Let v = r + o. List the prime factors of v.
2, 3
Let p(y) = y**3 + 5*y**2 - 5*y + 8. Let a be p(-6). Suppose 0 = 2*h + a*h - 60. List the prime factors of h.
3, 5
Let z = 8 - 8. Suppose 4*u - 4*j + 8 = z, 3*u + 0 = j + 4. Suppose u*b = 4 + 17. List the prime factors of b.
7
Let a = -527 + 741. List the prime factors of a.
2, 107
Let b(k) = k**3 + k**2 + 5. Suppose -9 = 3*s + 3*i, -3*s - 4*i = -6*s + 5. Let g be 0/(-1) + 1 + s. What are the prime factors of b(g)?
5
Suppose 0*h - h = -2. List the prime factors of h.
2
Let u = -3 + 1. Let s = u - -7. Suppose 0 = 5*i + 2*k - 1 - 28, -38 = -s*i + k. What are the prime factors of i?
7
Let b(q) = 2*q - 12. What are the prime factors of b(8)?
2
Suppose 0 = 2*l + 3 - 1, -2*m - 4*l - 2 = 0. Let n = m + 0. Suppose 2*g + n = 7. What are the prime factors of g?
3
Let k be -4 - 6*(-2)/(-4). Let r = k + 22. What are the prime factors of r?
3, 5
Let y(o) = 29*o**3 + o**2. Let r be y(1). Let b = r + -2. List the prime factors of (-4)/(-10) - b/(-5).
2, 3
Let y(s) = 2*s. Let r be y(-9). Let l = r - -30. What are the prime factors of l?
2, 3
Let f(q) = -q + 14. Let x be 3 + -2 + 18/2. Let g be f(x). Suppose -g*z = -9*z + 20. List the prime factors of z.
2
What are the prime factors of 2*327/(-2)*1/(-1)?
3, 109
Let a = -2 + 2. Suppose a = 4*z - 3*z - 15. List the prime factors of z.
3, 5
Suppose 3*t - 84 = -3*t. What are the prime factors of t?
2, 7
Let f(j) = 3*j**2. Let k be 8/(-36) - 29/(-9). List the prime factors of f(k).
3
What are the prime factors of -1 + (-56)/(-3) - (-26)/(-39)?
17
Let b = 73 + -49. Suppose 3*j - 4*l - 28 = 0, 0 = 2*j - 2*l - 2*l - b. List the prime factors of j.
2
Let z(n) = -n**3 - 7*n**2 - 2*n - 1. Suppose -2*x - 5 = 3*l, -3*l - 19 = 2*x + 2*x. List the prime factors of z(x).
13
Suppose -2*t - h = h + 10, 2*t + 13 = -h. What are the prime factors of (-22)/t*(-8)/(-1)?
2, 11
Suppose 23*m = 4859 + 4272. What are the prime factors of m?
397
What are the prime factors of 10*(-20)/(-8) - -2?
3
Suppose -g + 270 = 5*g. What are the prime factors of g?
3, 5
Let g be 1/2 + (-21)/(-6). Suppose -6*x + 88 = -g*x. What are the prime factors of x?
2, 11
Suppose -5*v - 411 = -6*q + 2*q, 3 = 3*v. List the prime factors of q.
2, 13
Suppose -s - 8 = 3*x, 2*s - 3*x - 16 = s. Let y(f) = 0*f + s*f + 3 + f**2 + 4*f. What are the prime factors of y(-8)?
3
Let w(d) = -4*d + 4. Suppose 2*a - 12 = -a. Suppose -a*j + 3*j - 3 = 0. What are the prime factors of w(j)?
2
Suppose i = 2*d + 51, -15*i - 5*d + 152 = -11*i. List the prime factors of i.
43
Suppose 2*m = 4*m. Suppose 3*b = -m*b + 12. What are the prime factors of b?
2
Suppose 0 = -3*a - 4*a + 1001. What are the prime factors of a?
11, 13
List the prime factors of (1 - 0) + 47 + -1.
47
Let f = 30 + -23. List the prime factors of f.
7
Let i be 32/(-12)*(-45)/6. Suppose 4*w - 2*w - 2*j = 20, -4*j + i = 2*w. What are the prime factors of w?
2, 5
Suppose -2*j + 114 = j. Let s = -21 + j. What are the prime factors of s?
17
Suppose 3*l - 2 = l. What are the prime factors of (12 + 3)/l - 3?
2, 3
Let d(x) = x**3 - 10*x**2 + 12*x + 8. Let b be d(9). Let f = 7 + b. What are the prime factors of f?
2, 3, 7
Suppose 5*d = b + 927 + 159, -654 = -3*d + 3*b. What are the prime factors of d?
7, 31
Let u = -108 + 176. List the prime factors of u.
2, 17
Let q = 5 + 0. Let p(i) = 7*i**2 + 7*i + 8. Let f(h) = 3*h**2 + 3*h + 4. Let t(g) = q*f(g) - 2*p(g). List the prime factors of t(3).
2
Let b(d) = d + 1. Let j be b(5). Let x be ((-9)/j - -2)*8. Suppose -x*y + 36 = 3*v, 5*v - 4*y - 31 = -y. List the prime factors of v.
2
Suppose 12*c - 8*c - 200 = 0. What are the prime factors of c?
2, 5
Let m(v) = v**2 - v + 100. Let p be m(0). What are the prime factors of p/(-8)*4/(-5)?
2, 5
Let m = -169 + 52. What are the prime factors of m/(-9) + 3/1?
2
Let c(h) = h + 5. Let v be c(-5). Suppose v = -y + 2*p - 5 + 18, -5*p - 70 = -5*y. What are the prime factors of y?
3, 5
Let k(j) = -j**2 + j - 11. Let t be k(0). List the prime factors of (-1)/((t/6)/11).
2, 3
Let v(u) = -u - 8. Let j be v(-6). List the prime factors of j/(-1) - (-1 + -2).
5
Let r(c) = c + 4. Let g be r(0). Suppose g*i = i + 45. List the prime factors of i.
3, 5
Let s(g) = 23*g**2 + 1. Let k(d) = -d**2 - 6*d - 1. Let r be k(-6). List the prime factors of s(r).
2, 3
Let x = 11 - 9. Suppose 3*l = -y + 5*l + 13, -3*y + x*l + 31 = 0. What are the prime factors of y?
3
Suppose 22 = 5*f - 3*l - 15, -4*l + 9 = 5*f. Suppose 2*t + 108 = f*t. What are the prime factors of t?
2, 3
Suppose -890 = -5*o + 4*b, 118 = o + b - 60. Suppose o = 3*r + 52. Suppose -5*f + 3*f + 4*t + r = 0, f + 4*t = -9. What are the prime factors of f?
11
Suppose -2*s + 4*s - 50 = 0. List the prime factors of s.
5
What are the prime factors of (-9)/(-2)*(-44)/(-6)?
3, 11
What are the prime factors of ((-1 + 37)/3)/(5/40)?
2, 3
Suppose z + 59 = 4*r, 2*r - 3*r + 5*z = -29. Suppose -r + 1 = -l. List the prime factors of l.
13
Suppose 5 = 3*x - 2*x. Suppose 4*d = -4*c + 52, -29 = -5*c + 2*d + 29. Suppose -3*y - c = -x*y. What are the prime factors of y?
2, 3
Suppose -4*y - y + 94 = m, -3*m = 5*y - 102. What are the prime factors of y?
2, 3
Let l be 56/6*(-9)/6. Let g = 6 - l. What are the prime factors of g?
2, 5
Let d = -17 - 10. Let k be (-3)/((d/(-6))/(-3)). Suppose 3*v + 0*v + k*q = 12, -5*v + 3*q = -39. List the prime factors of v.
2, 3
Let u(w) = -19*w - 17. What are the prime factors of u(-5)?
2, 3, 13
Let i(y) = -7*y**3 + 2*y**2 + 2*y - 3. Let r(o) = 28*o**3 - 9*o**2 - 9*o + 13. Let u(c) = -9*i(c) - 2*r(c). What are the prime factors of u(1)?
2
Let f(v) = -5*v + 1. Let g(b) = -b**2 + 8*b - 6. Let o be g(7). Let s be f(o). Let t = s - -13. What are the prime factors of t?
3
Let x(j) = 7*j**2 + 2*j - 3. Let u be x(-5). Suppose -4*v - u = -4*h + 2, 5*h = -4*v + 196. What are the prime factors of h?
2, 5
Let j(m) = -m**2 + 19*m - 6. List the prime factors of j(7).
2, 3, 13
Suppose -2*l - h = -66 - 17, -2*l = 5*h - 63. List the prime factors of l.
2, 11
Let n(j) = -4*j - 1. Let q(x) = -12*x - 2. Let d(k) = -11*n(k) + 4*q(k). Let s be d(-5). Let f = s + -11. What are the prime factors of f?
2, 3
Suppose 0 = -4*l - j + 20, 0 = -3*l - 0*l + 3*j. Let c be 1 - 4/(l/(-3)). Suppose -14 = -4*y + 5*i - 4*i, 4*y + 4*i - c = 0. List the prime factors of y.
3
Suppose -9 = z - 0*z. Let c be (-1 - (-12)/z)*-9. Let t = c + -11. What are the prime factors of t?
2, 5
Let l = 18 - -5. Let t = l + -12. What are the prime factors of t?
11
Let i = 5 - -8. Suppose 3*w = 8*w + 30. Let z = i + w. List the